ermine y(-1).
10
Let r(z) be the third derivative of 1/60*z**5 + 0*z + 1/6*z**3 + 0 + 1/12*z**4 - z**2 - 1/120*z**6. Let w = -1897 + 1896. Calculate r(w).
1
Let f(b) = -2*b**2 - 5*b + 7. Suppose -q + 3*y - 20 = 0, -2*q + 40*y - 39*y - 15 = 0. What is f(q)?
-18
Suppose -272*b + 740 = -111*b - 226. Let k(m) = 9 - 4*m + 0*m + m**2 - 4*m. Give k(b).
-3
Let n(v) = -v**2 - 10*v + 4. Let f(p) = 4*p**2 + 6*p. Let z(w) = 11*w**2 + 19*w - 1. Let i(u) = -8*f(u) + 3*z(u). Let q(o) = -7*i(o) - 6*n(o). What is q(-3)?
-3
Let q(u) = -9*u + 35. Let x(z) = 4*z - 15. Let m(a) = 3*q(a) + 7*x(a). Give m(-10).
-10
Suppose -c = 5*p + 7, -2*p - 2*p - 12 = 0. Let y(i) = -19*i**2 + 0*i**3 + 12*i**2 - c*i + 7 + i**3. Give y(8).
7
Let k(t) = 2*t**2 + 11*t - 16. Let d be k(-7). Suppose -i - 4*g = -6*i + 7, d*i - 2*g - 1 = 0. Let q(y) = -5*y + 1. Calculate q(i).
6
Let g(c) = -c**3 + 2*c**2 + c + 3. Suppose 23*i = 8*i + 45. What is g(i)?
-3
Let f(z) = -43*z**3 - z**2 + z. Let v = -1624 - -1625. What is f(v)?
-43
Let x(n) = -n**3 + 4*n**2 - 4*n + 5. Let q = 944 + -941. Give x(q).
2
Let d(t) = t**3 + 22*t**2 + t + 30. Let u = 391 - 413. What is d(u)?
8
Let j(l) be the third derivative of 17*l**4/24 - l**3/6 - 655*l**2. What is j(2)?
33
Let f = 2 + 18. Let w(j) = 11*j**2 - 2 + 14*j**2 - 7*j - f*j**2 + j**3. Give w(-6).
4
Let m = 45 + -43. Suppose w - m*w = 3. Let l(g) = g**2 + 2*g - 2. What is l(w)?
1
Let j(h) = -2 + 2*h**2 + 3*h**2 - 2*h**2 - 5*h**2 + 21. Give j(3).
1
Let l(x) = 0*x + 4*x**2 - 64 - x**3 + 64 - 2*x + 7*x. Give l(6).
-42
Let m = 8 - 14. Let u be m/(-9) - 7/(-3). Let p(f) = -2*f**2 + 1 + u*f**2 - 12*f + 12*f. Give p(0).
1
Let t(r) = -2 + 22*r - 33*r + 12*r. Calculate t(5).
3
Let a(f) = f**2 + 9*f - 3. Let k(b) = 2*b - 1. Let c(w) = a(w) - 4*k(w). Give c(2).
7
Suppose -3*s + 52 = 5*x, 3*s = -x - x + 37. Let o(h) = h**2 - 7*h - 8. What is o(s)?
10
Suppose 4*n - 7*n - 15 = 0, -3*n - 17 = -k. Let l(z) = 7*z + 3*z**k - 4*z**2 - 4*z + 2*z + 5. Let u(x) = -x**2 + 9*x - 3. Let r be u(8). Give l(r).
5
Let x(k) be the first derivative of 9 - k - 1/4*k**4 - k**3 + k**2. Calculate x(-4).
7
Suppose -4*u = 5*d - 21, -8*u + 4*d - 18 = -10*u. Let s(n) = -n**2 + 8*n + 8. Determine s(u).
-1
Let n(u) be the first derivative of -u**3/3 + 3*u**2/2 - 1. Suppose -3*y - 76 = -88. Give n(y).
-4
Let r(z) = -z - 13. Let w be r(-11). Let l be 2*10/4 - 2. Let t(x) = 3 + 2*x + 0*x**l + 0*x + 2*x**3. Determine t(w).
-17
Let d = 1549/2 - 2323/3. Let g(y) be the second derivative of 14*y + d*y**3 + y**2 + 0. What is g(-2)?
0
Let y(f) be the third derivative of -f**6/15 - f**5/30 + f**3/6 + 241*f**2. Suppose -7*n + 2*n = -5. Let i(q) = 2*q - 1. Let o be i(n). What is y(o)?
-9
Suppose -2*f - 18 = -5*f. Suppose 0 = f*r + 10 + 38. Let u be (r/(-6))/(76/57). Let c(l) = 5*l**3 - l**2. Give c(u).
4
Let y(n) = 2*n**2 - n - 1. Let u(t) = t**3 + 20*t**2 + 38*t + 41. Let x be u(-18). Let w = 7 - 5. Suppose -l + 0 = -w*r + x, l = -1. What is y(r)?
5
Let i(x) = 4*x**3 + 12*x**2 + x - 7. Let n(c) = -3*c**3 - 11*c**2 + 8. Let k(w) = -4*i(w) - 5*n(w). Determine k(6).
0
Suppose 5*q + 35 = -0*b - b, -5*b = 4*q + 70. Let s(z) = z**2 + 9*z - 12. Give s(b).
-2
Let o(k) = -2 - 8*k + 41*k - 13*k - 17*k. Calculate o(1).
1
Let a(k) = -9*k**2 - k. Let t(b) = b**3 - 4*b**2 + 3*b - 6. Let v be t(4). Let s(w) = 7*w - 43. Let u be s(v). What is a(u)?
-8
Let a(v) = 5*v**2 - v + 12. Let s(t) = 3*t**2 - t + 6. Let x = -42 - -49. Let u(g) = x*s(g) - 4*a(g). Calculate u(5).
4
Let t(y) be the third derivative of y**9/60480 - y**8/5040 - y**7/840 + y**6/180 + 3*y**5/20 - 4*y**2. Let j(v) be the third derivative of t(v). Determine j(5).
-1
Let d(z) = 10*z + 13. Let j(s) = -22*s - 27. Let y(c) = -7*d(c) - 3*j(c). Calculate y(-3).
2
Let v(c) be the third derivative of -c**4/24 + 5*c**3/6 + 175*c**2. Let q be (1*15)/(7 + -6). Suppose 0*s = -3*s + q. What is v(s)?
0
Suppose 576*f - 4 = 572*f. Let h(g) = 2*g + 0 - g - 1 + 14*g**2. Calculate h(f).
14
Let v(i) = i - 1. Let m(z) = -2*z - 16. Let q(c) = 5*c - 50. Let f be q(8). Let h be m(f). Calculate v(h).
3
Let u(t) = t + 1. Let b(q) = 1. Let c(n) = -1. Let f(h) = 3*b(h) + 2*c(h). Let z(d) = -2*f(d) + u(d). Let s be (-46)/(-6) + 2/(-3). Give z(s).
6
Let u(r) = r**2 - 5*r + 3. Let d be 15/(-6)*(-108)/45. Determine u(d).
9
Let d(y) = 27*y - 16*y + 3 + 24*y. Let z(o) = 12*o + 1. Suppose 8 = -l - l, 28 = -4*u + 4*l. Let m(v) = u*z(v) + 4*d(v). Calculate m(1).
9
Let b = -479 + 476. Let o(f) = f**2 + 6*f + 4. What is o(b)?
-5
Let b(r) be the first derivative of -7*r**2/2 - r + 1. Suppose -63 = 3*q + 102. Let g = 54 + q. Give b(g).
6
Let k(t) = t**3 - 9*t**2 + 6*t + 7. Suppose -71 = 3*q - 3*f + 2*f, -2*q = -f + 48. Let d = 31 + q. Determine k(d).
-9
Let r(o) = -5 + 3*o + o**2 - 2*o**3 - 2*o + 2 + 2*o + 2. Give r(2).
-7
Suppose -45 = -5*x - 5*r, -x + 2*r + 14 = 4*r. Suppose z + x*j + 4 = 2, z - 5*j = 7. Let m(p) = -3*p**2 + 2*p**3 + p - 3*p**3 + z + 1 - 1. Give m(-4).
14
Let b(j) = j**2 - 10*j - 6. Let l = -174 + 183. Determine b(l).
-15
Let v(g) = -g**3 + 4*g**2 + 2*g - 4. Let n = 0 - -4. Let l(h) = 2*h**2 - 4*h - 8. Let z be l(n). Let k = z - 5. Determine v(k).
11
Suppose 9 = -5*w + 29. Let u be w/6*3/(-2). Let d(h) = 88 - 76 - 13 + h**3 - h + 3*h**3 + h**2. What is d(u)?
-3
Let m be (8/20)/(2/40). Suppose -4*v - 4*o - 56 = 0, 3*v + 24 = -o + 4*o. Let d = v + m. Let w(n) = -n**2 + 2. Determine w(d).
-7
Let j(x) = -17*x**3 + x**2 - 2*x + 2. Let r be j(1). Let b(c) = c + 13. Give b(r).
-3
Let q(r) = r**2 + 4*r + 5. Let t = 151 + -156. What is q(t)?
10
Suppose -4*c = -n + 45, 5*n - 23 - 4 = 2*c. Let u(b) = -b**2 - 5*b + 11. What is u(c)?
-55
Let l(y) be the first derivative of -1/3*y**3 + 7 - 2*y - 2*y**2. Give l(-5).
-7
Let m(b) = -b**3 - 6*b**2 + b - 4. Suppose -3*s = 3*u + 24, -5*u = -0 + 10. Determine m(s).
-10
Let t(y) = y**3 - y**2 - 11. Suppose -10 = -3*p - 1. Suppose -12 + 27 = p*k. Suppose 3*v + k*i = 3 - 13, v = 3*i + 6. Calculate t(v).
-11
Let h(p) be the third derivative of -4*p**2 + 0 - 1/24*p**4 + 1/3*p**3 - 1/60*p**5 + 0*p. What is h(-5)?
-18
Let n(k) = k**2 - 11*k - 2. Let x = 335 - 324. Determine n(x).
-2
Let g(i) = -9*i + 2. Let h(x) = 13*x - 1. Let z(j) = 4*g(j) + 3*h(j). Let b be (-34)/6 + (-8)/(-12). What is z(b)?
-10
Let q be (-56)/(-10) - 162/(-405). Let l(x) be the first derivative of -x + q + 1/2*x**2. Determine l(5).
4
Suppose z + 4 = -z. Let t be (4 - 1) + 3 + (2 - 6). Let p(y) = y - 4*y - y - 2*y**t + 2*y. What is p(z)?
-4
Let g(n) = n + 14. Let a be 9/2 + 1/(-2). Suppose 2*v - 2 = a. Suppose 0 = 2*s - p + 4, 0 = s + s + v*p - 12. Give g(s).
14
Let i be ((2 - 3) + (-37)/4)*-8. Let k = 75 - i. Let h(t) = t - 1. Give h(k).
-8
Let q(t) = 2*t + 1. Let p = -69 - -77. What is q(p)?
17
Let k(q) = -3*q - 8. Let s be k(-2). Let g(d) = 3*d**3 - 3*d - 1. Calculate g(s).
-19
Let v(y) = 3*y**3 - 14*y**2 + 8*y + 7. Let g(d) = -7*d**3 + 32*d**2 - 17*d - 14. Let r(f) = -2*g(f) - 5*v(f). Give r(5).
-12
Let m = 0 + 0. Let h(u) be the first derivative of -u**2/2 - 17*u + 415. What is h(m)?
-17
Let h(l) = -6*l - 3. Suppose 33 + 1 = -3*a + 2*p, 3*p + 25 = -5*a. Let o be -2*a/4*1. Let i be o/(-10)*(-5 - -10). Determine h(i).
9
Let x(s) be the first derivative of s**4/4 + 17*s**3/3 - 9*s**2 - 4*s - 286. Calculate x(-18).
-4
Let s(m) be the second derivative of -3*m**5/5 - m**3/3 + m**2/2 + m - 30. Determine s(1).
-13
Let l(w) = -7*w**2 + 33*w + 3. Let m(u) = -6*u**2 + 28*u + 3. Let k(v) = -5*l(v) + 6*m(v). What is k(7)?
-25
Let x = -122 - -124. Let l(f) be the second derivative of 1/20*f**5 + 0 + 5/12*f**4 + 5/6*f**3 + 1/2*f**x - 4*f. Determine l(-4).
-3
Suppose 20 = -5*k + 35. Let p be 2 - k - 1 - -12. Suppose -x + 0*b = 3*b + 9, -2*x - 2*b - p = 0. Let q(v) = -v**3 - 3*v**2 + 3*v + 4. Give q(x).
-5
Let r(m) = m**3 - 18*m**2 + 15*m + 35. Let j be r(17). Let k(g) = -2 + 3*g + 10 - 3 - j. Give k(-4).
-8
Let k(s) be the first derivative of 1/2*s**2 - 2 - 7*s. Let g be k(5). Let x(p) = p - 2. Determine x(g).
-4
Suppose 5*k = 10 + 5. Let p(w) = w**2 - 3*w**3 - 5*w**2 + w + 5*w**2 + 2*w**k. Give p(2).
-2
Let u(j) be the second derivative of 0 - 7*j + 1/2*j**2 - 1/2*j**4 - 1/6*j**3. Determine u(1).
-6
Let n(m) = m + 11. Let j be n(-6). Let v be -4 - (1 - j) - (4 - 1). Let g(w) = -2*w**2 - 4*w